{"id":3078,"date":"2024-12-12T10:47:47","date_gmt":"2024-12-12T10:47:47","guid":{"rendered":"https:\/\/hermandaddelrociodelamacarena.es\/?page_id=3078"},"modified":"2025-04-04T19:23:13","modified_gmt":"2025-04-04T19:23:13","slug":"boletines","status":"publish","type":"page","link":"https:\/\/hermandaddelrociodelamacarena.org\/?page_id=3078","title":{"rendered":"BOLETINES"},"content":{"rendered":"\t\t<div data-elementor-type=\"wp-page\" data-elementor-id=\"3078\" class=\"elementor elementor-3078\" data-elementor-post-type=\"page\">\n\t\t\t\t<div class=\"elementor-element elementor-element-f06e569 e-flex e-con-boxed e-con e-parent\" data-id=\"f06e569\" data-element_type=\"container\" data-e-type=\"container\">\n\t\t\t\t\t<div class=\"e-con-inner\">\n\t\t\t\t<div class=\"elementor-element elementor-element-7cc1181 elementor-widget elementor-widget-spacer\" data-id=\"7cc1181\" data-element_type=\"widget\" data-e-type=\"widget\" data-widget_type=\"spacer.default\">\n\t\t\t\t<div class=\"elementor-widget-container\">\n\t\t\t\t\t\t\t<div class=\"elementor-spacer\">\n\t\t\t<div class=\"elementor-spacer-inner\"><\/div>\n\t\t<\/div>\n\t\t\t\t\t\t<\/div>\n\t\t\t\t<\/div>\n\t\t\t\t<div class=\"elementor-element elementor-element-5a1acc9 animated-slow elementor-invisible elementor-widget elementor-widget-heading\" data-id=\"5a1acc9\" data-element_type=\"widget\" data-e-type=\"widget\" data-settings=\"{&quot;_animation&quot;:&quot;fadeIn&quot;,&quot;_animation_delay&quot;:600}\" data-widget_type=\"heading.default\">\n\t\t\t\t<div class=\"elementor-widget-container\">\n\t\t\t\t\t<h2 class=\"elementor-heading-title elementor-size-default\">boletines<\/h2>\t\t\t\t<\/div>\n\t\t\t\t<\/div>\n\t\t\t\t\t<\/div>\n\t\t\t\t<\/div>\n\t\t<div class=\"elementor-element elementor-element-9835815 e-grid e-con-boxed e-con e-parent\" data-id=\"9835815\" data-element_type=\"container\" data-e-type=\"container\">\n\t\t\t\t\t<div class=\"e-con-inner\">\n\t\t\t\t<div class=\"elementor-element elementor-element-35def38 elementor-widget elementor-widget-image\" data-id=\"35def38\" data-element_type=\"widget\" data-e-type=\"widget\" data-widget_type=\"image.default\">\n\t\t\t\t<div class=\"elementor-widget-container\">\n\t\t\t\t\t\t\t\t\t\t\t\t\t\t\t\t<a href=\"https:\/\/hermandaddelrociodelamacarena.org\/wp-content\/uploads\/2024\/12\/Boletin-2019.pdf\">\n\t\t\t\t\t\t\t<img fetchpriority=\"high\" decoding=\"async\" width=\"473\" height=\"684\" src=\"https:\/\/hermandaddelrociodelamacarena.org\/wp-content\/uploads\/2024\/12\/BOL.19.png\" class=\"elementor-animation-shrink attachment-large size-large wp-image-3140\" alt=\"\" srcset=\"https:\/\/hermandaddelrociodelamacarena.org\/wp-content\/uploads\/2024\/12\/BOL.19.png 473w, https:\/\/hermandaddelrociodelamacarena.org\/wp-content\/uploads\/2024\/12\/BOL.19-207x300.png 207w\" sizes=\"(max-width: 473px) 100vw, 473px\" \/>\t\t\t\t\t\t\t\t<\/a>\n\t\t\t\t\t\t\t\t\t\t\t\t\t\t\t<\/div>\n\t\t\t\t<\/div>\n\t\t\t\t<div class=\"elementor-element elementor-element-680d0b8 elementor-widget elementor-widget-image\" data-id=\"680d0b8\" data-element_type=\"widget\" data-e-type=\"widget\" data-widget_type=\"image.default\">\n\t\t\t\t<div class=\"elementor-widget-container\">\n\t\t\t\t\t\t\t\t\t\t\t\t\t\t\t\t<a href=\"https:\/\/hermandaddelrociodelamacarena.org\/wp-content\/uploads\/2024\/12\/ROCIO-MACARENA-2018.pdf\">\n\t\t\t\t\t\t\t<img decoding=\"async\" width=\"477\" height=\"684\" src=\"https:\/\/hermandaddelrociodelamacarena.org\/wp-content\/uploads\/2024\/12\/bol.18.png\" class=\"elementor-animation-shrink attachment-large size-large wp-image-3139\" alt=\"\" srcset=\"https:\/\/hermandaddelrociodelamacarena.org\/wp-content\/uploads\/2024\/12\/bol.18.png 477w, https:\/\/hermandaddelrociodelamacarena.org\/wp-content\/uploads\/2024\/12\/bol.18-209x300.png 209w\" sizes=\"(max-width: 477px) 100vw, 477px\" \/>\t\t\t\t\t\t\t\t<\/a>\n\t\t\t\t\t\t\t\t\t\t\t\t\t\t\t<\/div>\n\t\t\t\t<\/div>\n\t\t\t\t<div class=\"elementor-element elementor-element-887303a elementor-widget elementor-widget-image\" data-id=\"887303a\" data-element_type=\"widget\" data-e-type=\"widget\" data-widget_type=\"image.default\">\n\t\t\t\t<div class=\"elementor-widget-container\">\n\t\t\t\t\t\t\t\t\t\t\t\t\t\t\t\t<a href=\"https:\/\/hermandaddelrociodelamacarena.org\/wp-content\/uploads\/2024\/12\/ROCIO-MACARENA-AF.pdf\">\n\t\t\t\t\t\t\t<img decoding=\"async\" width=\"473\" height=\"693\" src=\"https:\/\/hermandaddelrociodelamacarena.org\/wp-content\/uploads\/2024\/12\/bol.17.png\" class=\"elementor-animation-shrink attachment-large size-large wp-image-3134\" alt=\"\" srcset=\"https:\/\/hermandaddelrociodelamacarena.org\/wp-content\/uploads\/2024\/12\/bol.17.png 473w, https:\/\/hermandaddelrociodelamacarena.org\/wp-content\/uploads\/2024\/12\/bol.17-205x300.png 205w\" sizes=\"(max-width: 473px) 100vw, 473px\" \/>\t\t\t\t\t\t\t\t<\/a>\n\t\t\t\t\t\t\t\t\t\t\t\t\t\t\t<\/div>\n\t\t\t\t<\/div>\n\t\t\t\t\t<\/div>\n\t\t\t\t<\/div>\n\t\t<div class=\"elementor-element elementor-element-053932c e-grid e-con-boxed e-con e-parent\" data-id=\"053932c\" data-element_type=\"container\" data-e-type=\"container\">\n\t\t\t\t\t<div class=\"e-con-inner\">\n\t\t\t\t<div class=\"elementor-element elementor-element-1e837bc elementor-widget elementor-widget-heading\" data-id=\"1e837bc\" data-element_type=\"widget\" data-e-type=\"widget\" data-widget_type=\"heading.default\">\n\t\t\t\t<div class=\"elementor-widget-container\">\n\t\t\t\t\t<h2 class=\"elementor-heading-title elementor-size-default\">Bolet\u00edn a\u00f1o 2019<\/h2>\t\t\t\t<\/div>\n\t\t\t\t<\/div>\n\t\t\t\t<div class=\"elementor-element elementor-element-5008f5d elementor-widget elementor-widget-heading\" data-id=\"5008f5d\" data-element_type=\"widget\" data-e-type=\"widget\" data-widget_type=\"heading.default\">\n\t\t\t\t<div class=\"elementor-widget-container\">\n\t\t\t\t\t<h2 class=\"elementor-heading-title elementor-size-default\">Bolet\u00edn a\u00f1o 2018<\/h2>\t\t\t\t<\/div>\n\t\t\t\t<\/div>\n\t\t\t\t<div class=\"elementor-element elementor-element-1c85703 elementor-widget elementor-widget-heading\" data-id=\"1c85703\" data-element_type=\"widget\" data-e-type=\"widget\" data-widget_type=\"heading.default\">\n\t\t\t\t<div class=\"elementor-widget-container\">\n\t\t\t\t\t<h2 class=\"elementor-heading-title elementor-size-default\">Bolet\u00edn a\u00f1o 2017<\/h2>\t\t\t\t<\/div>\n\t\t\t\t<\/div>\n\t\t\t\t\t<\/div>\n\t\t\t\t<\/div>\n\t\t<div class=\"elementor-element elementor-element-5359cfa e-grid e-con-boxed e-con e-parent\" data-id=\"5359cfa\" data-element_type=\"container\" data-e-type=\"container\">\n\t\t\t\t\t<div class=\"e-con-inner\">\n\t\t\t\t<div class=\"elementor-element elementor-element-0c6e649 elementor-widget elementor-widget-image\" data-id=\"0c6e649\" data-element_type=\"widget\" data-e-type=\"widget\" data-widget_type=\"image.default\">\n\t\t\t\t<div class=\"elementor-widget-container\">\n\t\t\t\t\t\t\t\t\t\t\t\t\t\t\t\t<a href=\"https:\/\/hermandaddelrociodelamacarena.org\/wp-content\/uploads\/2025\/03\/Boletin-2016.pdf\">\n\t\t\t\t\t\t\t<img loading=\"lazy\" decoding=\"async\" width=\"568\" height=\"814\" src=\"https:\/\/hermandaddelrociodelamacarena.org\/wp-content\/uploads\/2025\/03\/Captura-de-pantalla-2025-03-31-192602.png\" class=\"elementor-animation-shrink attachment-large size-large wp-image-4084\" alt=\"\" srcset=\"https:\/\/hermandaddelrociodelamacarena.org\/wp-content\/uploads\/2025\/03\/Captura-de-pantalla-2025-03-31-192602.png 568w, https:\/\/hermandaddelrociodelamacarena.org\/wp-content\/uploads\/2025\/03\/Captura-de-pantalla-2025-03-31-192602-209x300.png 209w\" sizes=\"(max-width: 568px) 100vw, 568px\" \/>\t\t\t\t\t\t\t\t<\/a>\n\t\t\t\t\t\t\t\t\t\t\t\t\t\t\t<\/div>\n\t\t\t\t<\/div>\n\t\t\t\t<div class=\"elementor-element elementor-element-9f57948 elementor-widget elementor-widget-image\" data-id=\"9f57948\" data-element_type=\"widget\" data-e-type=\"widget\" data-widget_type=\"image.default\">\n\t\t\t\t<div class=\"elementor-widget-container\">\n\t\t\t\t\t\t\t\t\t\t\t\t\t\t\t\t<a href=\"https:\/\/hermandaddelrociodelamacarena.org\/wp-content\/uploads\/2025\/03\/Boletin-2015.pdf\">\n\t\t\t\t\t\t\t<img loading=\"lazy\" decoding=\"async\" width=\"484\" height=\"700\" src=\"https:\/\/hermandaddelrociodelamacarena.org\/wp-content\/uploads\/2025\/03\/Captura-de-pantalla-2025-03-31-192525.png\" class=\"elementor-animation-shrink attachment-large size-large wp-image-4085\" alt=\"\" srcset=\"https:\/\/hermandaddelrociodelamacarena.org\/wp-content\/uploads\/2025\/03\/Captura-de-pantalla-2025-03-31-192525.png 484w, https:\/\/hermandaddelrociodelamacarena.org\/wp-content\/uploads\/2025\/03\/Captura-de-pantalla-2025-03-31-192525-207x300.png 207w\" sizes=\"(max-width: 484px) 100vw, 484px\" \/>\t\t\t\t\t\t\t\t<\/a>\n\t\t\t\t\t\t\t\t\t\t\t\t\t\t\t<\/div>\n\t\t\t\t<\/div>\n\t\t\t\t<div class=\"elementor-element elementor-element-2e8a260 elementor-widget elementor-widget-image\" data-id=\"2e8a260\" data-element_type=\"widget\" data-e-type=\"widget\" data-widget_type=\"image.default\">\n\t\t\t\t<div class=\"elementor-widget-container\">\n\t\t\t\t\t\t\t\t\t\t\t\t\t\t\t\t<a href=\"https:\/\/hermandaddelrociodelamacarena.org\/wp-content\/uploads\/2025\/03\/Boletin-2014-XXV-ANIVERSARIO.pdf\">\n\t\t\t\t\t\t\t<img loading=\"lazy\" decoding=\"async\" width=\"484\" height=\"700\" src=\"https:\/\/hermandaddelrociodelamacarena.org\/wp-content\/uploads\/2025\/03\/Captura-de-pantalla-2025-03-31-192525.png\" class=\"elementor-animation-shrink attachment-large size-large wp-image-4085\" alt=\"\" srcset=\"https:\/\/hermandaddelrociodelamacarena.org\/wp-content\/uploads\/2025\/03\/Captura-de-pantalla-2025-03-31-192525.png 484w, https:\/\/hermandaddelrociodelamacarena.org\/wp-content\/uploads\/2025\/03\/Captura-de-pantalla-2025-03-31-192525-207x300.png 207w\" sizes=\"(max-width: 484px) 100vw, 484px\" \/>\t\t\t\t\t\t\t\t<\/a>\n\t\t\t\t\t\t\t\t\t\t\t\t\t\t\t<\/div>\n\t\t\t\t<\/div>\n\t\t\t\t\t<\/div>\n\t\t\t\t<\/div>\n\t\t<div class=\"elementor-element elementor-element-dfa1603 e-grid e-con-boxed e-con e-parent\" data-id=\"dfa1603\" data-element_type=\"container\" data-e-type=\"container\">\n\t\t\t\t\t<div class=\"e-con-inner\">\n\t\t\t\t<div class=\"elementor-element elementor-element-f575a73 elementor-widget elementor-widget-heading\" data-id=\"f575a73\" data-element_type=\"widget\" data-e-type=\"widget\" data-widget_type=\"heading.default\">\n\t\t\t\t<div class=\"elementor-widget-container\">\n\t\t\t\t\t<h2 class=\"elementor-heading-title elementor-size-default\">Bolet\u00edn a\u00f1o 2016<\/h2>\t\t\t\t<\/div>\n\t\t\t\t<\/div>\n\t\t\t\t<div class=\"elementor-element elementor-element-e1818a8 elementor-widget elementor-widget-heading\" data-id=\"e1818a8\" data-element_type=\"widget\" data-e-type=\"widget\" data-widget_type=\"heading.default\">\n\t\t\t\t<div class=\"elementor-widget-container\">\n\t\t\t\t\t<h2 class=\"elementor-heading-title elementor-size-default\">Bolet\u00edn a\u00f1o 2015<\/h2>\t\t\t\t<\/div>\n\t\t\t\t<\/div>\n\t\t\t\t<div class=\"elementor-element elementor-element-e50c483 elementor-widget elementor-widget-heading\" data-id=\"e50c483\" data-element_type=\"widget\" data-e-type=\"widget\" data-widget_type=\"heading.default\">\n\t\t\t\t<div class=\"elementor-widget-container\">\n\t\t\t\t\t<h2 class=\"elementor-heading-title elementor-size-default\">Bolet\u00edn a\u00f1o 2014<\/h2>\t\t\t\t<\/div>\n\t\t\t\t<\/div>\n\t\t\t\t\t<\/div>\n\t\t\t\t<\/div>\n\t\t<div class=\"elementor-element elementor-element-6f702f5 e-grid e-con-boxed e-con e-parent\" data-id=\"6f702f5\" data-element_type=\"container\" data-e-type=\"container\">\n\t\t\t\t\t<div class=\"e-con-inner\">\n\t\t\t\t<div class=\"elementor-element elementor-element-38ed722 elementor-widget elementor-widget-image\" data-id=\"38ed722\" data-element_type=\"widget\" data-e-type=\"widget\" data-widget_type=\"image.default\">\n\t\t\t\t<div class=\"elementor-widget-container\">\n\t\t\t\t\t\t\t\t\t\t\t\t\t\t\t\t<a href=\"https:\/\/hermandaddelrociodelamacarena.org\/wp-content\/uploads\/2025\/03\/Boletin-2013.pdf\">\n\t\t\t\t\t\t\t<img loading=\"lazy\" decoding=\"async\" width=\"489\" height=\"706\" src=\"https:\/\/hermandaddelrociodelamacarena.org\/wp-content\/uploads\/2025\/03\/Captura-de-pantalla-2025-03-31-192502.png\" class=\"elementor-animation-shrink attachment-large size-large wp-image-4086\" alt=\"\" srcset=\"https:\/\/hermandaddelrociodelamacarena.org\/wp-content\/uploads\/2025\/03\/Captura-de-pantalla-2025-03-31-192502.png 489w, https:\/\/hermandaddelrociodelamacarena.org\/wp-content\/uploads\/2025\/03\/Captura-de-pantalla-2025-03-31-192502-208x300.png 208w\" sizes=\"(max-width: 489px) 100vw, 489px\" \/>\t\t\t\t\t\t\t\t<\/a>\n\t\t\t\t\t\t\t\t\t\t\t\t\t\t\t<\/div>\n\t\t\t\t<\/div>\n\t\t\t\t<div class=\"elementor-element elementor-element-74d1e80 elementor-widget elementor-widget-image\" data-id=\"74d1e80\" data-element_type=\"widget\" data-e-type=\"widget\" data-widget_type=\"image.default\">\n\t\t\t\t<div class=\"elementor-widget-container\">\n\t\t\t\t\t\t\t\t\t\t\t\t\t\t\t\t<a href=\"https:\/\/hermandaddelrociodelamacarena.org\/wp-content\/uploads\/2025\/03\/Boletin-2012.pdf\">\n\t\t\t\t\t\t\t<img loading=\"lazy\" decoding=\"async\" width=\"484\" height=\"702\" src=\"https:\/\/hermandaddelrociodelamacarena.org\/wp-content\/uploads\/2025\/03\/Captura-de-pantalla-2025-03-31-192446.png\" class=\"elementor-animation-shrink attachment-large size-large wp-image-4087\" alt=\"\" srcset=\"https:\/\/hermandaddelrociodelamacarena.org\/wp-content\/uploads\/2025\/03\/Captura-de-pantalla-2025-03-31-192446.png 484w, https:\/\/hermandaddelrociodelamacarena.org\/wp-content\/uploads\/2025\/03\/Captura-de-pantalla-2025-03-31-192446-207x300.png 207w\" sizes=\"(max-width: 484px) 100vw, 484px\" \/>\t\t\t\t\t\t\t\t<\/a>\n\t\t\t\t\t\t\t\t\t\t\t\t\t\t\t<\/div>\n\t\t\t\t<\/div>\n\t\t\t\t<div class=\"elementor-element elementor-element-7a9b7e1 elementor-widget elementor-widget-image\" data-id=\"7a9b7e1\" data-element_type=\"widget\" data-e-type=\"widget\" data-widget_type=\"image.default\">\n\t\t\t\t<div class=\"elementor-widget-container\">\n\t\t\t\t\t\t\t\t\t\t\t\t\t\t\t\t<a href=\"https:\/\/hermandaddelrociodelamacarena.org\/wp-content\/uploads\/2025\/03\/Boletin-2011.pdf\">\n\t\t\t\t\t\t\t<img loading=\"lazy\" decoding=\"async\" width=\"492\" height=\"706\" src=\"https:\/\/hermandaddelrociodelamacarena.org\/wp-content\/uploads\/2025\/03\/Captura-de-pantalla-2025-03-31-192421.png\" class=\"elementor-animation-shrink attachment-large size-large wp-image-4083\" alt=\"\" srcset=\"https:\/\/hermandaddelrociodelamacarena.org\/wp-content\/uploads\/2025\/03\/Captura-de-pantalla-2025-03-31-192421.png 492w, https:\/\/hermandaddelrociodelamacarena.org\/wp-content\/uploads\/2025\/03\/Captura-de-pantalla-2025-03-31-192421-209x300.png 209w\" sizes=\"(max-width: 492px) 100vw, 492px\" \/>\t\t\t\t\t\t\t\t<\/a>\n\t\t\t\t\t\t\t\t\t\t\t\t\t\t\t<\/div>\n\t\t\t\t<\/div>\n\t\t\t\t\t<\/div>\n\t\t\t\t<\/div>\n\t\t<div class=\"elementor-element elementor-element-322e28f e-grid e-con-boxed e-con e-parent\" data-id=\"322e28f\" data-element_type=\"container\" data-e-type=\"container\">\n\t\t\t\t\t<div class=\"e-con-inner\">\n\t\t\t\t<div class=\"elementor-element elementor-element-36972e9 elementor-widget elementor-widget-heading\" data-id=\"36972e9\" data-element_type=\"widget\" data-e-type=\"widget\" data-widget_type=\"heading.default\">\n\t\t\t\t<div class=\"elementor-widget-container\">\n\t\t\t\t\t<h2 class=\"elementor-heading-title elementor-size-default\">Bolet\u00edn a\u00f1o 2013<\/h2>\t\t\t\t<\/div>\n\t\t\t\t<\/div>\n\t\t\t\t<div class=\"elementor-element elementor-element-0d91405 elementor-widget elementor-widget-heading\" data-id=\"0d91405\" data-element_type=\"widget\" data-e-type=\"widget\" data-widget_type=\"heading.default\">\n\t\t\t\t<div class=\"elementor-widget-container\">\n\t\t\t\t\t<h2 class=\"elementor-heading-title elementor-size-default\">Bolet\u00edn a\u00f1o 2012<\/h2>\t\t\t\t<\/div>\n\t\t\t\t<\/div>\n\t\t\t\t<div class=\"elementor-element elementor-element-66202d9 elementor-widget elementor-widget-heading\" data-id=\"66202d9\" data-element_type=\"widget\" data-e-type=\"widget\" data-widget_type=\"heading.default\">\n\t\t\t\t<div class=\"elementor-widget-container\">\n\t\t\t\t\t<h2 class=\"elementor-heading-title elementor-size-default\">Bolet\u00edn a\u00f1o 2011<\/h2>\t\t\t\t<\/div>\n\t\t\t\t<\/div>\n\t\t\t\t\t<\/div>\n\t\t\t\t<\/div>\n\t\t\t\t<\/div>\n\t\t","protected":false},"excerpt":{"rendered":"<p>boletines Bolet\u00edn a\u00f1o 2019 Bolet\u00edn a\u00f1o 2018 Bolet\u00edn a\u00f1o 2017 Bolet\u00edn a\u00f1o 2016 Bolet\u00edn a\u00f1o 2015 Bolet\u00edn a\u00f1o 2014 Bolet\u00edn [&hellip;]<\/p>\n","protected":false},"author":1,"featured_media":0,"parent":0,"menu_order":0,"comment_status":"closed","ping_status":"closed","template":"","meta":{"site-sidebar-layout":"no-sidebar","site-content-layout":"","ast-site-content-layout":"full-width-container","site-content-style":"default","site-sidebar-style":"default","ast-global-header-display":"","ast-banner-title-visibility":"","ast-main-header-display":"","ast-hfb-above-header-display":"","ast-hfb-below-header-display":"","ast-hfb-mobile-header-display":"","site-post-title":"disabled","ast-breadcrumbs-content":"","ast-featured-img":"disabled","footer-sml-layout":"","ast-disable-related-posts":"","theme-transparent-header-meta":"","adv-header-id-meta":"","stick-header-meta":"","header-above-stick-meta":"","header-main-stick-meta":"","header-below-stick-meta":"","astra-migrate-meta-layouts":"default","ast-page-background-enabled":"default","ast-page-background-meta":{"desktop":{"background-color":"var(--ast-global-color-4)","background-image":"","background-repeat":"repeat","background-position":"center center","background-size":"auto","background-attachment":"scroll","background-type":"","background-media":"","overlay-type":"","overlay-color":"","overlay-opacity":"","overlay-gradient":""},"tablet":{"background-color":"","background-image":"","background-repeat":"repeat","background-position":"center center","background-size":"auto","background-attachment":"scroll","background-type":"","background-media":"","overlay-type":"","overlay-color":"","overlay-opacity":"","overlay-gradient":""},"mobile":{"background-color":"","background-image":"","background-repeat":"repeat","background-position":"center center","background-size":"auto","background-attachment":"scroll","background-type":"","background-media":"","overlay-type":"","overlay-color":"","overlay-opacity":"","overlay-gradient":""}},"ast-content-background-meta":{"desktop":{"background-color":"var(--ast-global-color-5)","background-image":"","background-repeat":"repeat","background-position":"center center","background-size":"auto","background-attachment":"scroll","background-type":"","background-media":"","overlay-type":"","overlay-color":"","overlay-opacity":"","overlay-gradient":""},"tablet":{"background-color":"var(--ast-global-color-5)","background-image":"","background-repeat":"repeat","background-position":"center center","background-size":"auto","background-attachment":"scroll","background-type":"","background-media":"","overlay-type":"","overlay-color":"","overlay-opacity":"","overlay-gradient":""},"mobile":{"background-color":"var(--ast-global-color-5)","background-image":"","background-repeat":"repeat","background-position":"center center","background-size":"auto","background-attachment":"scroll","background-type":"","background-media":"","overlay-type":"","overlay-color":"","overlay-opacity":"","overlay-gradient":""}},"footnotes":""},"class_list":["post-3078","page","type-page","status-publish","hentry"],"_links":{"self":[{"href":"https:\/\/hermandaddelrociodelamacarena.org\/index.php?rest_route=\/wp\/v2\/pages\/3078","targetHints":{"allow":["GET"]}}],"collection":[{"href":"https:\/\/hermandaddelrociodelamacarena.org\/index.php?rest_route=\/wp\/v2\/pages"}],"about":[{"href":"https:\/\/hermandaddelrociodelamacarena.org\/index.php?rest_route=\/wp\/v2\/types\/page"}],"author":[{"embeddable":true,"href":"https:\/\/hermandaddelrociodelamacarena.org\/index.php?rest_route=\/wp\/v2\/users\/1"}],"replies":[{"embeddable":true,"href":"https:\/\/hermandaddelrociodelamacarena.org\/index.php?rest_route=%2Fwp%2Fv2%2Fcomments&post=3078"}],"version-history":[{"count":25,"href":"https:\/\/hermandaddelrociodelamacarena.org\/index.php?rest_route=\/wp\/v2\/pages\/3078\/revisions"}],"predecessor-version":[{"id":4102,"href":"https:\/\/hermandaddelrociodelamacarena.org\/index.php?rest_route=\/wp\/v2\/pages\/3078\/revisions\/4102"}],"wp:attachment":[{"href":"https:\/\/hermandaddelrociodelamacarena.org\/index.php?rest_route=%2Fwp%2Fv2%2Fmedia&parent=3078"}],"curies":[{"name":"wp","href":"https:\/\/api.w.org\/{rel}","templated":true}]}}